m - 0*k, -2*m - 2 = -4*k. What is the greatest common factor of 7 and m?
7
Let w be 3/18 + 1605/90. Calculate the highest common factor of 66 and w.
6
Suppose -30*m + 33*m + p = 551, -3*m + 3*p = -555. What is the highest common factor of 16 and m?
8
Let g = -2792 - -2815. What is the highest common factor of 1219 and g?
23
Let a = 289 + -282. Let b = -31 - -87. What is the greatest common factor of b and a?
7
Let j = -34 - -30. Let n be (-54)/(-72) + ((-447)/j)/3. What is the greatest common factor of 38 and n?
38
Let r be (11 - -1) + 0 - 0. Let t(k) = k**3 + 78*k**2 - 86*k - 545. Let w be t(-79). What is the highest common divisor of r and w?
4
Let p = 26 - 14. Let g = -6 + p. Let c be ((-5)/4)/(g/(-48)). Calculate the highest common divisor of 10 and c.
10
Suppose 5 = 4*i - 3. Suppose 280 = -i*x + 7*x. Suppose 16*o - 13*o - 295 = -2*f, 2*f - 5*o - 255 = 0. What is the highest common factor of f and x?
28
Let q = 40 - -25. Suppose 1211 = 81*l + 158. Calculate the highest common divisor of q and l.
13
Suppose 5*o = 2*m + 262, 16*o - 13*o = -m + 166. What is the highest common divisor of o and 81?
27
Suppose 33 = 9*m - 75. What is the highest common factor of 192 and m?
12
Let b(y) = -y**2 - 12*y + 114. Let x be b(-18). What is the greatest common divisor of 213 and x?
3
Let x(p) = 126*p**3. Let d be x(2). What is the highest common divisor of 72 and d?
72
Suppose 2*t = -2*t + 80. Suppose -4*v - 5*b - 8 = 0, 2*v + b = 2*b - 18. Let j be 64 + v + (2 - -1). Calculate the greatest common factor of t and j.
20
Let y be 2 - 6*(-6)/9. Calculate the highest common factor of 10 and y.
2
Let c(z) = 4*z**2 + 26*z + 53. Let s be c(-9). Let j(r) = r**3 + 7*r**2 + 7*r - 2. Let x be j(-5). Calculate the greatest common factor of x and s.
13
Suppose 368 = -2*m + 25*m. Let b = 165 + -85. Calculate the greatest common divisor of m and b.
16
Let y be -2*(-3 - (-3 - 22)). Let a = y - -46. Let d = 50 - 34. Calculate the highest common divisor of d and a.
2
Suppose 4*z - 1767 = 33. Let x = -307 + z. Calculate the greatest common divisor of 13 and x.
13
Let f(g) = -2*g + 2. Let s be f(-2). Let k be 78 - 6/(s/3). Let w = 83 + -33. What is the highest common divisor of k and w?
25
Suppose 847 = 3*m + 25. Let a = 400 - m. What is the greatest common factor of a and 42?
42
Let r(z) = z**2 - 35*z + 427. Let h be r(25). Calculate the greatest common factor of 236 and h.
59
Let m(o) = 11*o**2 - 9*o - 36. Let i be m(-5). Calculate the greatest common factor of i and 4.
4
Suppose 1 - 1024 = -11*s. Calculate the highest common divisor of s and 6.
3
Suppose 28*v - 31*v = 6, a - 233 = -5*v. What is the highest common divisor of a and 9?
9
Let r = 12 + -17. Let w(q) = -q**3 - 4*q**2 + 2*q + 3. Let z be w(r). What is the greatest common divisor of 144 and z?
18
Let s be (-48)/((-28)/36 + (-6)/27). What is the greatest common divisor of 3 and s?
3
Let l be 3 + -2 + 6 + 2. Let g be (-2)/(18/(-333)) + (-2)/2. Calculate the greatest common divisor of l and g.
9
Let a = -95 + 104. Let d be (1/(-2))/(a/(-162)). Calculate the greatest common factor of d and 243.
9
Let f be 5/(-2)*228/10. Let b be 2/3 + (-1216)/f. Let c = 3 - 1. Calculate the highest common factor of c and b.
2
Let h(n) = -5 + 2*n**3 + 94*n**2 + 87*n**2 + 2 - n - 188*n**2. Let s be h(4). Calculate the greatest common factor of s and 1.
1
Let t be 5*2 - ((4 - 4) + 4). Let h be (18 - t)*(-14)/(-8). Calculate the highest common factor of 7 and h.
7
Suppose 3*p = m - 9, 0 = m - p + 3*p - 34. What is the highest common divisor of m and 6?
6
Suppose 3*d = -a + 4, -4*a - 17*d + 76 = -20*d. Calculate the greatest common factor of a and 592.
16
Suppose 786 = 5*t + 156. Calculate the greatest common factor of t and 224.
14
Let h be (-3)/(-4) - (-147)/28. Let y = 22 + h. What is the highest common factor of y and 308?
28
Suppose -4*v + 27 = w + 4*w, 4*w + 2*v - 24 = 0. Calculate the highest common factor of w and 161.
7
Suppose 4*j - j + 12 = 0. Let d be (j/(-8))/((-2)/(-48)). Suppose -t - t = -36. Calculate the greatest common divisor of d and t.
6
Let q = -48 + 176. Let w(d) = -d**2 + 9*d + 2. Let b(n) = 3*n - 5. Let o be b(4). Let f be w(o). Calculate the highest common divisor of q and f.
16
Let t = -1247 + 1256. Calculate the greatest common factor of t and 549.
9
Let x = 174 + 101. Let n = 5 - 1. Suppose -n*p = g - 75, -3*g + 2*p - 4*p = -x. What is the highest common divisor of g and 38?
19
Suppose 4*x + 4*g = 84, 4*g = -5*x - 9 + 109. What is the highest common divisor of x and 80?
16
Let q(p) = p**2 - 21*p - 43. Let v be q(23). Suppose -v*i - 5*k - 1210 = -8*i, 4*i = -2*k + 968. Calculate the highest common divisor of i and 22.
22
Let h = 370 + -246. Calculate the greatest common factor of 93 and h.
31
Let p(u) = 19*u - 103. Let w be p(6). Let a(t) = t**2 - 7*t - 10. Let m be a(-7). Calculate the highest common factor of m and w.
11
Suppose -24*f - 12 = -23*f. Let o(z) = z**3 + 12*z**2 - 4*z + 6. Let k be o(f). What is the highest common divisor of 12 and k?
6
Let p(y) = -6*y**3 - 4*y**2 - 3*y - 2. Let h be p(-2). Let a be 16/6*(-66)/(-11). Suppose -a*g + 90 = -15*g. Calculate the greatest common factor of g and h.
18
Let k(d) = 2*d**2 + 50*d + 176. Let x be k(-22). Let c = -23 + 45. Calculate the greatest common divisor of c and x.
22
Let k(x) = -2*x**3 - 9*x**2 - 4*x - 27. Let t be k(-5). What is the greatest common factor of 90 and t?
18
Suppose 0 = -104*d + 83*d + 5208. Let k be (-1095)/(-35) + 4/(-14). Calculate the highest common factor of k and d.
31
Let x(d) = -d**2 - d + 48. Suppose 0 = -a - 3*a. Let l be x(a). Let v = 222 - 210. Calculate the greatest common divisor of v and l.
12
Let i = 4 - 1. Let a(k) = 2*k**2 - 5*k + 2. Let l be a(i). What is the greatest common factor of 55 and l?
5
Let j be (229 - -2)*1/(21/9). What is the highest common divisor of j and 1221?
33
Let s be 14*(-1)/(-2 + 1). Let n = 1428 - 1421. What is the highest common factor of n and s?
7
Suppose -2*q + 5*q = 27. Suppose -x = -2*x - 10. Let p be -3*(-2 + x/(-6)). What is the highest common divisor of q and p?
1
Suppose -9 = 3*h + 3, 5*h - 16 = 3*q. Let t be 8/q + 1590/9. What is the greatest common factor of 22 and t?
22
Suppose -16 = 4*i, i - 79 = 5*n - 3*i. Let f be (2 - n) + (1 - 3). Let x(j) = -j**3 + j**2 + 38. Let u be x(0). What is the highest common factor of f and u?
19
Let s(d) = 2*d**2 + 2*d. Let n be (6/3)/((-4)/6). Let g be s(n). Suppose 2*u - 15 - 13 = -4*y, 32 = 3*u - 4*y. What is the highest common divisor of u and g?
12
Suppose n = -x + 214, -1070 = -5*x - 3*n + n. Let p = x - 146. What is the greatest common divisor of p and 4?
4
Let f(z) = -10*z + 2. Let d be f(-1). Let l be (-8)/(-16) - 215/(-2). What is the greatest common divisor of d and l?
12
Suppose 65 = -5*w - 5*z, 2*w + 22 = -0*w - 3*z. Let b = 247 - w. What is the greatest common factor of b and 33?
33
Suppose 21*g + 163 = 436. Calculate the highest common factor of g and 117.
13
Let c be ((-3)/(-1) + -10)*-1*10. What is the highest common factor of c and 70?
70
Let z(b) = 3*b**2 - 10*b + 6. Let k be z(6). Let u = -46 - -49. What is the highest common divisor of k and u?
3
Let q = 181 - 126. Let d(j) = 199*j + 2. Let h be d(-2). Let a be (h/45)/((-4)/10). What is the highest common divisor of a and q?
11
Let l(j) = 2*j**3 + 91*j**2 + 40*j + 35. Let s be l(-45). Calculate the greatest common divisor of s and 20.
20
Suppose 4*d + d - 30 = 0. Let r be -4*(-4)/8 + 12. Let t be 584/r + (-4)/(-14). Calculate the greatest common divisor of t and d.
6
Suppose 2*d = -2*g - 0*g + 228, 5*d = -3*g + 570. Suppose d + 166 = 5*r. Calculate the highest common divisor of r and 84.
28
Let d be (-440)/(-16) - 2/4. What is the highest common factor of 135 and d?
27
Suppose v = -d + 34 - 10, 3*v - 3*d - 54 = 0. Let w = -17 + v. Suppose 2*m - 43 = -w*g - m, -m = -1. Calculate the highest common divisor of 50 and g.
10
Let q be 56/(-4) + 5 - -15. Suppose -4*v + 1334 = 306. Suppose 4*f = v - 41. What is the highest common divisor of q and f?
6
Let j = 68 - 30. Suppose 40*p = j*p + 130. Calculate the greatest common divisor of 26 and p.
13
Suppose -q - 5*o = -0*q - 25, o - 33 = -q. Let c be (-4)/(-18) + 266/18. Calculate the highest common divisor of c and q.
5
Let r(s) = 21*s + 